he units digit of j?
9
Let r be -5*(2 - 4/10). Let m = r - -13. Suppose 2*b + 9 = m*b. What is the units digit of b?
3
Let g be ((-2)/4)/((-3)/126). Let l = -12 + g. What is the units digit of l?
9
Suppose -2*t = 3*u + 2*t - 463, 0 = -2*u + 2*t + 332. What is the units digit of u?
1
Let m(w) be the third derivative of -w**5/60 + w**4/12 + 2*w**3 + 2*w**2. What is the tens digit of m(0)?
1
Let d(w) = -25*w + 3. Let r be d(-3). Suppose 4*q = 6*q - r. What is the tens digit of q?
3
What is the units digit of (-424)/(-3) - 10/(-15)?
2
What is the hundreds digit of (0 - (-2350)/15) + 1/3?
1
Suppose -b = 4*y + 12, -4*b = -2*b + 4*y + 12. Suppose -36 = -4*g + g + 3*h, 2*g + h - 27 = b. What is the units digit of g?
3
Suppose -2*q + 4 = 2*o - 176, 3*o = 4*q - 388. What is the units digit of q?
4
Suppose 5*c = -3*u + c + 22, -3*u + 3*c = -15. Suppose 2*a - u = -a. Suppose -a*r = -r - 1. What is the units digit of r?
1
Suppose -3*n = -2*d + 117, -d = 3*n + 2*d + 132. Let m = -19 - n. Suppose 23 = 5*l - m. What is the units digit of l?
9
Suppose 3*g = -2*y - g - 12, 6 = 5*y - 2*g. Suppose 2*o - o - 3 = y. What is the units digit of o?
3
Suppose 5*r - 10 = -3*g, -3*r - 3*g + 0 = -6. Let n = -2 - -6. Suppose 1 = -d + n*a, r*a - 5*a + 12 = 0. What is the units digit of d?
5
Let r(g) = -g**2 - 2*g - 2. Let p be r(-6). Let n = -14 - p. Suppose -n = -2*f + 30. What is the units digit of f?
1
Let l = -30 - -190. Suppose -s = -4*z - 13, 2*s + z + l = 7*s. What is the units digit of s?
3
Let d = 6 + -3. Suppose -2*q - p + 9 = 0, 6*q + 2*p - 13 = d*q. What is the units digit of q?
5
Let v(k) = k**3 - 3*k**2 - 3*k + 3. Suppose a = -a - 22. Let s = 15 + a. What is the units digit of v(s)?
7
Let f be 6/(-27) - (-40)/18. Suppose -5*q + f = -4*q. Let o = 8 - q. What is the units digit of o?
6
Let g = -5 + -29. What is the units digit of g/(-1)*(-3)/(-6)?
7
Suppose 3*f + 99 = 630. What is the tens digit of f?
7
Let n(d) = 30*d**2 - 2*d - 1. What is the tens digit of n(-1)?
3
Suppose 3*t - 15 = -2*t. Suppose t*f = 5*f - 2. What is the units digit of 3*1 + -3 + f?
1
Let x(i) = -i**3 + 6*i**2 + 4*i + 11. What is the units digit of x(6)?
5
What is the units digit of 725/29*74/10?
5
Suppose -2*u - 9 = 5*n + 2*u, 2*n + 5 = -3*u. Let i(o) = 5*o**2 + 2*o + 2. What is the units digit of i(n)?
5
Let m(s) = s**2 + 7*s + 11. Let o be m(-6). What is the units digit of (o + -7)*19/(-2)?
9
Let g be 48/10*(-60)/(-9). Suppose 0 = -b - 13 + g. What is the units digit of b?
9
Let p be ((-12)/(-8))/((-3)/(-4)). Suppose -4*m + 2*j + 56 = -3*j, 46 = 2*m + p*j. What is the tens digit of m?
1
What is the units digit of (0 - (-90)/4)*18/5?
1
Let d(c) = 32*c**2 - 2. What is the units digit of d(2)?
6
Let j = 18 - 9. What is the units digit of j?
9
Suppose -5*i = -i + 20, -i + 15 = 5*b. Suppose -b*s = -62 - 38. What is the units digit of s?
5
Let a be ((-2)/(-4))/(1/28). Let d(c) = c**3 - 3*c**2 - 2. Let n be d(3). Let s = a + n. What is the tens digit of s?
1
Suppose o = 2*o - 2. Suppose 3*p - 4*a = 29, -3*p + 1 = -o*a - 30. Let u = p - 7. What is the units digit of u?
4
Let p = -19 + 38. What is the units digit of p?
9
Suppose -f + 3*o + 66 = 0, 0 = -3*f + o + 48 + 110. Suppose -v + 6*v + 175 = 0. Let i = v + f. What is the units digit of i?
6
Suppose j + 3 + 4 = 3*m, -3*j = -2*m. Suppose 0 = 3*i - j*i + 2*c - 34, 4*i - 2*c - 116 = 0. Suppose f + i = 6*f. What is the units digit of f?
6
Let j(i) = -3*i**3 + 8*i**2 + 10*i + 5. Let d(l) = -l**3 - 1. Let n(k) = -4*d(k) + j(k). What is the tens digit of n(-6)?
2
Suppose -2*d = -3*x + 953, 4*x = 2*d - 133 + 1405. What is the hundreds digit of x?
3
Suppose t - 200 = -4*t. What is the units digit of t?
0
What is the units digit of (-1165)/(-15) - (-10)/(-6)?
6
Let a = 24 - 36. What is the tens digit of 453/18 - (-2)/a?
2
Suppose 6*j - 11*j = -35. What is the units digit of j?
7
Suppose -6*y = -2*y. Suppose y = 6*z - 11*z. Suppose 2*f + s - 6 = z, s + 3 = 2*f + 1. What is the units digit of f?
2
Let s = 180 - 89. Suppose -4*l + s = 5*o, -3*l + o - 22 = -4*l. What is the tens digit of l?
1
Let j(t) = t**3 - 3*t**2 - 5*t + 6. Suppose 0 = -x + 3*x - 8. Let i be j(x). Suppose 0 = 4*f, -4*a = i*f - 6*f - 20. What is the units digit of a?
5
Let b(f) = f**2 + 13*f + 12. Let d be b(-12). Let i be 4/(-2)*(-3)/6. What is the units digit of -12*1/(d - i)?
2
Let f(m) = m + 12. Let z be f(-9). Let r(t) = 0*t**3 - 3*t - 4*t**2 - 4*t**z + t**3 + 2 + 2*t**3. What is the units digit of r(-3)?
2
Let w(b) = 5*b - 10. Let t be w(9). Let x be -1 - (-2 - 0) - 25. Let i = t + x. What is the units digit of i?
1
Suppose -3 = z - 4*z. What is the units digit of z?
1
Suppose -3*i = 2*j - 92, 2*j = 5*i - 2*j - 124. What is the tens digit of i?
2
Let h = -9 - -14. Suppose -2*c = -3*c + h. What is the units digit of c?
5
Let n be 4 - (-1 - -3)*-1. Suppose -44 = -n*g + 4*g. What is the units digit of g?
2
Suppose 7 = -b - 4*g, 3*g + 3 = 5*b + 15. What is the units digit of (1/b)/(3/(-27))?
3
Let i(x) = -x + 1. Let a be i(-4). Let r(m) = m**3 - 3*m**2 - 8*m + 7. What is the tens digit of r(a)?
1
Let b(t) = t**3 + t - 1. Let n(f) = -5*f**3 - 3*f**2 - 4*f + 6. Let r(p) = -6*b(p) - n(p). Let m be r(2). Let d = 1 - m. What is the units digit of d?
1
Let s = 9 + -7. Suppose -s*a + 16 = -a. Suppose -2*z + z = -a. What is the units digit of z?
6
What is the tens digit of (-16)/6*(-21)/28 - -242?
4
Let q(b) = -1 + b + 2*b**2 - 2*b + 3*b. Let c be q(-2). Suppose -c*j + 4 = -8. What is the units digit of j?
4
Let k = -2 - -5. Suppose x - 12 = k*x. Let f = 6 - x. What is the units digit of f?
2
Let q = 10 - 8. Suppose n - 3 + 5 = -u, q*n = 3*u + 16. Suppose -4*k - 62 = -3*w, -4*k + 50 = -n*w + 7*w. What is the units digit of w?
4
Let c = -5 - -2. Let j(x) = -x - 4. Let n be j(-4). Let u = n - c. What is the units digit of u?
3
What is the tens digit of ((-20)/40)/(2/(-260))?
6
Let h be 44*(2 + 5/(-2)). Let x = h + 16. What is the units digit of 5/2 + (-3)/x?
3
Suppose -5*x - 43 = 2. What is the units digit of ((-3)/9)/(1/x)?
3
Let p(m) = -m**3 + 3*m**2 + m - 1. What is the tens digit of p(-3)?
5
Let t(h) = h + 4. Let a be t(-3). Suppose a = -l - 0*l - 2*d, 0 = 3*l + 2*d - 5. What is the units digit of l?
3
Suppose -4*h + 631 = -3*p, 4*h - 780 + 152 = 4*p. What is the hundreds digit of h?
1
Let p = 7 - -1. Suppose -p = -3*i + 1. Suppose 8*f = i*f + 35. What is the units digit of f?
7
Let k = 0 + 0. Suppose 4*v - 4*d + 0 = 20, v - 2*d = k. What is the tens digit of v?
1
Let x(i) = 2*i**2. Let q be x(-1). Let k be (-4 - -3)*(q + -3). What is the tens digit of 245/25 - k/(-5)?
1
Suppose 2*a - 3*g - 20 = -g, 4*a - 30 = -g. Let c = a + 0. Let d = c + -4. What is the units digit of d?
4
Let d = 207 - 105. What is the tens digit of d?
0
Suppose -x = -2, -2*x = -5*n + 2*x + 407. What is the tens digit of n?
8
Let s(z) = z**3 - 8*z**2 - z + 10. Let h be s(8). Suppose -c + 14 = h*a, a + 17 = 5*c + 2. Suppose c*g - 14 = -2. What is the units digit of g?
3
Let b(u) = -3*u**3 - 5*u**2 - 2*u + 2. Let x be b(-3). Suppose 0 = -4*z - 4*t + x, -3*z = -t - 12 - 17. Suppose 3*p + z = 31. What is the units digit of p?
7
Suppose -2*l = b + b - 14, 0 = 2*b - 4. Let a = -9 + 12. Suppose -l - a = -y. What is the units digit of y?
8
Let q(w) = 4 + 0 + w + 1 - 2*w. Let a be q(-5). Suppose 2*t - t - a = 0. What is the tens digit of t?
1
Let k(i) = -4*i**2 + 4*i - 2*i + 3*i**2 + 3*i**3 - 4*i. What is the tens digit of k(2)?
1
What is the tens digit of (-1)/5 + 292/10?
2
Suppose -3*u + 20 = -4. What is the units digit of u?
8
Let s = 2 + 1. Let g(w) = -13*w**3 + 16*w**2 + w + 4. Let k(h) = 3*h**3 - 4*h**2 - 1. Let z(c) = -2*g(c) - 9*k(c). What is the units digit of z(s)?
4
Let p = 16 - 13. Suppose 6 = p*i - 3. What is the units digit of i?
3
Let m(d) = -d**2 + 3*d - 1. Let s be m(3). Let y = 15 - 9. Let z = y + s. What is the units digit of z?
5
Let y(k) = -3*k - 14. What is the units digit of y(-12)?
2
Suppose 0 = 2*b + b + 9. What is the units digit of 8/b*21/(-4)?
4
Suppose -3*b = -2*b. Let i(u) = u + 4. Let z be i(7). Suppose b = 3*n - 10 - z. What is the units digit of n?
7
Suppose x + 2*x + 36 = k, -3*k - 4*x + 134 = 0. What is the tens digit of k?
4
Suppose -6 = 5*b - 1. Let d be b/(-1) - (-5 - 0). Suppose -d - 5